
25
Let v(z) = -2*z**2 + 12*z + 4. Let t = -18 + 24. Let x be v(t). Let g = x + 28. What is the greatest common factor of 16 and g?
16
Suppose -y - 19 = -2*y - p, p = 4. Suppose 2*t - 30 = -4*t. Let n be t/4*(0 + 12). What is the greatest common divisor of n and y?
15
Let b = -32 - -16. Let v = b - -37. Calculate the greatest common divisor of 147 and v.
21
Suppose 5*t + 39 = 2*i, -5*i = -2*i - 3*t - 72. Calculate the highest common factor of 36 and i.
9
Let i(m) = 23*m**2 + m + 1. Let v(u) = -u**3 + u**2 - u. Let s be v(1). Let k be i(s). Calculate the greatest common factor of k and 253.
23
Let y(w) = -2*w - 20. Let n be y(-11). Suppose n*p + 97 = 493. Calculate the highest common factor of 22 and p.
22
Let p(n) = n**2 - 2*n - 1. Let c be p(3). Suppose 3*m - 259 - 137 = -c*h, 254 = 2*m - 2*h. What is the highest common divisor of 20 and m?
10
Let v(a) = -3*a**2 + 70*a + 442. Let c be v(26). Let x = 0 - -5. Suppose -52 = -x*b + 3*b. Calculate the greatest common factor of c and b.
26
Let p = 716 - 657. Calculate the greatest common factor of 649 and p.
59
Suppose -234 = -511*i + 508*i. Calculate the greatest common divisor of i and 858.
78
Let p(m) = 3*m**3 + 52*m**2 - 39*m - 6. Let b be p(-18). What is the greatest common divisor of b and 84?
12
Suppose -14 = -2*z + 38. Suppose 0 = i + i + z. Let j = 16 + i. Calculate the greatest common factor of 3 and j.
3
Let u be (-10)/10 + (0 - 47*2). Let t = -84 - u. What is the highest common factor of t and 143?
11
Suppose -3*v = 10*v - 312. What is the greatest common factor of 36 and v?
12
Let w(o) = -5*o - 94. Let q be w(-23). Let s(h) = 13*h**2 + 4*h - 3. Let d be s(-4). Calculate the highest common divisor of q and d.
21
Let t = 343 + -313. What is the highest common divisor of t and 510?
30
Let i = 59 - 45. Suppose -m - j - 1 = -0, m - 5*j - 17 = 0. Calculate the highest common factor of m and i.
2
Let r = -41 - -40. Let h be 223/7 + 4/(-28)*r. What is the greatest common factor of h and 4?
4
Let p be (62 - 52)/(2 + (1 - 1)). Let h be (-25)/((-15)/(-6) - 2). Let a = h + 85. What is the highest common divisor of p and a?
5
Let r = 16 + -7. Suppose f - 4*f - r = 0. Let a be 6/f - (-1 + -172). Calculate the highest common factor of a and 19.
19
Let p be -6 + (15 - -1) + -1. Suppose 0*m - 164 = -4*m. Suppose -3*o - m = -149. Calculate the greatest common factor of p and o.
9
Let v(y) = -y**2 - 11*y + 24. Suppose 46 + 9 = -5*f. Let l be v(f). Calculate the highest common divisor of 24 and l.
24
Let x(o) = 4*o**2 + 4*o - 25. Let n be x(-6). Let p = -67 + n. What is the greatest common factor of 4 and p?
4
Suppose w - o + 4*o - 219 = 0, 862 = 4*w - 2*o. Calculate the greatest common divisor of 24 and w.
24
Let y(c) = -7*c + 6. Let o be y(-19). Let a = -54 + o. Calculate the greatest common factor of a and 34.
17
Let h = 34 + -27. Suppose -h*b + 22 = -6. Suppose b*c = 2*t - 24, c + 3*c = -4*t + 96. What is the highest common factor of t and 200?
20
Suppose -3*l + 4 + 11 = 0. Suppose -u + 5*m + 20 = 0, -3*m = -l*m. Suppose 6*h + 2*g - 92 = h, -64 = -3*h + g. Calculate the highest common factor of h and u.
20
Suppose 0 = -36*b + 23*b + 7917. What is the highest common factor of b and 174?
87
Suppose 0 = l + 3*l - 48. Let m(t) = -2*t**2 + 9*t + 1. Let h be m(4). Let d be (-3 - -2) + h + 0. What is the greatest common factor of d and l?
4
Let a be 4/(-14) + 44/7. Suppose 14*b = 183 + 405. Calculate the greatest common factor of b and a.
6
Let s = 11 + -13. Let v be (5/10 + s)/(1/(-110)). What is the highest common factor of 15 and v?
15
Suppose 5*c = -o - 2*o + 415, 90 = c + 2*o. Let s = c - 57. Let a = s - -42. Calculate the greatest common divisor of a and 13.
13
Let u(r) = 106*r + 4. Suppose -c - 8 = -4*k, 5*k = -c - 0 + 10. Let g be u(k). What is the greatest common factor of g and 27?
27
Let p(t) = 7*t**2 + 9*t - 46. Let l be p(5). Calculate the greatest common divisor of l and 2.
2
Suppose 99*m - 87*m = 684. Let o be ((-12)/(-18))/(8/228). What is the greatest common factor of m and o?
19
Let o be 4/((-4)/14 - 112/(-49)). Suppose -c + 5*p + 36 = 0, c - 22 = o*p + 5. What is the highest common factor of c and 105?
21
Let q be 1/(5/860) + -4. Suppose -11*t = -4*t - 84. Calculate the highest common factor of t and q.
12
Let m be (2/(-4) + 2)/(27/(-18)). Let s be m/((-16)/60) - 15/20. What is the greatest common divisor of 1 and s?
1
Let h(j) = 4*j + 5. Suppose -21*q + 24*q - 3 = 0. Let t be h(q). Calculate the highest common divisor of t and 12.
3
Let m = 1685 - 1153. Calculate the highest common divisor of 228 and m.
76
Let z = 3 + 0. Let b be z - -1 - 3/(-3). What is the highest common divisor of 20 and b?
5
Let g be -1*(3 + -77)*2. Calculate the greatest common divisor of 8 and g.
4
Suppose 25 = s - 3*g, -2*g - 89 = -5*s + g. Suppose -2*k - 64 = -4*w, w - s = 4*k - 2*k. Calculate the highest common factor of w and 128.
16
Suppose 2*g + 13 - 45 = 0. Let n = 117 + -69. Calculate the greatest common factor of n and g.
16
Suppose -473 + 18113 = 35*v. Calculate the greatest common factor of 224 and v.
56
Let k = -186 + 645. What is the greatest common divisor of 27 and k?
27
Let y be -5*(-1 + 1 - 1). Suppose -y*o - 2*u = 0, -u - 4 + 3 = 2*o. Let f be 104/(2 + o) - 3. Calculate the greatest common factor of f and 23.
23
Suppose q - 4 = -0. Suppose -q*p = -p - 66. Suppose -2*z = 25 - 91. What is the highest common divisor of z and p?
11
Let y(i) = 3*i**2 + 10*i + 78. Let z be y(-6). What is the greatest common factor of 168 and z?
42
Let b(g) = -g**3 + 14*g**2. Let h be b(14). Suppose -3*q = -2*l + 3*l - 86, h = -2*q - 3*l + 48. Calculate the highest common factor of q and 45.
15
Suppose -n + 16 = -194. Calculate the highest common factor of 50 and n.
10
Let b = 16 - 18. Let p be b - (0 + 1)*4. Let x = p - -18. Calculate the greatest common factor of x and 48.
12
Let i(n) = -n**3 + 7*n**2 + 10*n - 15. Let g be i(8). Suppose 2*l - 9 = g. Let v be 72/10 - 1/l. Calculate the greatest common divisor of 7 and v.
7
Let d = 198 + -138. Suppose k - d = -3*k. Let p = k - 12. Calculate the greatest common factor of p and 33.
3
Let u be ((-12)/(-9))/((-1)/504). Let r be (u/120)/(2/(-45)). Suppose -6*b - 14 = -7*b. Calculate the highest common factor of r and b.
14
Let l be 96/8 + (0 - -2). Let i = 32 - l. Calculate the greatest common factor of i and 126.
18
Let b(p) = p - 5. Let w be b(3). Let y = 3 - w. Let j(t) = -t**2 - 6*t + 5. Let n be j(-6). Calculate the greatest common divisor of y and n.
5
Suppose -8*i = -6*i - 10. Suppose 0 = -q + l + 88, -i*q + 2*l + 352 = -q. Calculate the highest common factor of q and 11.
11
Let n(f) = 11*f + 82. Let z be n(8). What is the greatest common factor of z and 85?
85
Let z be (1 - 7)/(24/(-32)). Let f be 2 + 0*(-1 - 0). Calculate the highest common factor of z and f.
2
Let w = -300 - -440. Calculate the highest common divisor of w and 112.
28
Let z(d) = -d**3 - 23*d**2 + d + 28. Let u be z(-23). What is the greatest common divisor of u and 40?
5
Let j = 25 - 14. Let h be (-1976)/(-114) + (-1)/3. Let x = h - j. What is the highest common divisor of 2 and x?
2
Let q(k) = k**2 - 5*k + 6. Let m be q(4). Let u be m - -21 - (1 + 1). Suppose -6 = 4*p - 34. What is the highest common divisor of u and p?
7
Suppose d - 3*o = 73 + 68, -o + 785 = 5*d. What is the greatest common factor of d and 12?
12
Let j(p) = -p**3 + 22*p**2 - 27*p + 70. Let q be j(18). What is the greatest common divisor of q and 55?
55
Suppose 0 = -3*t - w - 66, 4*w + w = -4*t - 99. Let z be 1*88/12*t/(-1). Calculate the highest common factor of 14 and z.
14
Let r(l) = 3*l - 32. Let t be r(14). Suppose -5*q = -2*q - 30. What is the greatest common factor of t and q?
10
Let q(s) = -2*s + 2*s**2 + 0*s**2 - 652 + 629. Let c be q(14). Calculate the greatest common factor of 31 and c.
31
Let v be 0 + -6 - -2 - (23 - 235). Suppose m - 48 = -2*m. What is the highest common divisor of m and v?
16
Suppose 368 = 5*w - 987. Suppose -w = -6*i + 269. What is the greatest common factor of i and 30?
30
Let w = 1201 + -1166. What is the highest common factor of w and 1330?
35
Let c(p) = p**3 - 10*p**2 - 2*p + 44. Let z be c(10). What is the greatest common divisor of z and 32?
8
Let i = -107 + 272. Calculate the greatest commo